 and t?
7
Suppose 42*y + 59*y - 1111 = 0. What is the highest common divisor of 2629 and y?
11
Suppose 7*j = 843 + 354 + 147. What is the highest common factor of j and 2752?
64
Let i(q) = -q**3 - 21*q**2 - 21*q - 15. Let y be i(-20). Suppose 4*w = s - 128, y*w = -0*w + 5. Calculate the highest common divisor of s and 55.
11
Suppose 0*y = -2*y - 34. Let l = 118 - y. Suppose -4*a - 5*f + 67 = -143, a - 27 = 3*f. What is the highest common factor of l and a?
45
Let j = 70 - 69. Let k = 4 - j. Let m(u) = 5*u**2 - 13*u + 2. Let b be m(k). Calculate the highest common factor of 12 and b.
4
Suppose -19 = -4*d + b, -4*d + 2*d + 2*b + 8 = 0. Let v(h) = 9*h - 28. Let t be v(d). Calculate the greatest common divisor of 272 and t.
17
Suppose 63*o - 15 = 66*o, -o - 55 = -l. Calculate the greatest common divisor of 300 and l.
50
Suppose -1076 + 2045 = 5*c - 3*r, 0 = 3*c - 2*r - 581. Suppose -8 = -5*i + 67. What is the greatest common divisor of i and c?
15
Suppose -14*w - 2*j = -10*w + 26, -4*j = -w - 20. Let c be w/40 + 322/10. What is the highest common divisor of 48 and c?
16
Let t(x) be the third derivative of -x**6/120 - x**5/6 - x**4 - 5*x**2. Let y be t(-14). Calculate the greatest common divisor of y and 16.
16
Let g(b) = -41*b**2 + b - 1. Let f be g(-1). Let t = -15 - f. Let q be 2/((-10)/5) + t + 1. What is the highest common factor of q and 42?
14
Let x(o) = 6*o**2 - 9*o - 17. Suppose 0*z = z + 5*k + 22, -22 = 5*z + 3*k. Let m be x(z). Calculate the highest common factor of m and 5.
5
Suppose 2*d - 13 - 15 = 0. Let z(m) = -m**2 + 16*m - 14. Let r be z(d). Let y be 26 + 8/(-12)*-3. What is the highest common factor of y and r?
14
Let d be (51 - -1)*((-193)/4 - -49). Let m be (-48)/(-2) - (1 + 0). Let j = m + 3. What is the highest common factor of d and j?
13
Suppose -749*a + 754*a = 5*m + 110, 5*a + m = 80. What is the greatest common divisor of a and 6494?
17
Suppose -43*k + 16337 - 4125 = 0. What is the highest common factor of 4 and k?
4
Suppose 6*x = x + 2*k + 45, k = -x + 2. Suppose -44 = -2*y - 3*j + x*j, -3*y = 5*j - 88. Calculate the highest common divisor of y and 52.
26
Let b = -300 + 200. Let h = -74 - b. Calculate the greatest common divisor of h and 338.
26
Let q be (-321)/(-5) + (-3)/15 - (-246)/(-41). What is the highest common factor of q and 10?
2
Suppose -4*p + 879 + 2841 = 16*p. What is the highest common divisor of p and 93?
93
Let n(g) = -41*g - 28. Let h be n(-4). Let i(o) = -10*o + 17. Let j be i(0). Calculate the highest common factor of h and j.
17
Let w = 26 - 16. Suppose -67*z - 50460 = -241*z. Calculate the highest common divisor of z and w.
10
Suppose 3*g - 12 = 0, -2482 = -d + 4*g + 1625. Calculate the highest common factor of 14 and d.
7
Suppose -12*w - 15*w = -4914. Suppose 3*l - 2*y = 355, 7*l - 587 = 2*l + y. What is the highest common divisor of l and w?
13
Suppose -93*q - 980 = -8420. Calculate the greatest common factor of q and 64.
16
Let k(m) = 7*m**2 - 2*m + 4. Let d be k(4). Let t(o) = -215*o**3 + 3*o**2 + 8*o + 12. Let n be t(-2). What is the greatest common factor of n and d?
108
Let u be (-4)/(-28) + 1067/77. Let w be (0 - 3) + (4 - 2)*u. Calculate the highest common factor of w and 45.
5
Let j be 126/(-5)*(-2925)/(-90). Let o = 825 + j. What is the highest common divisor of 165 and o?
3
Let c be 2*-17*(-42)/12. Suppose -109*m - 350 = -c*m. Calculate the highest common divisor of 21 and m.
7
Let d be (-3 - (-12 - -1)) + 11*(-5)/(-55). Calculate the highest common factor of 85 and d.
1
Suppose -32*g + 12362 + 9151 = -19831. Calculate the highest common divisor of 228 and g.
76
Let y = 103 + 106. Suppose 367 = 2*d - y. What is the highest common divisor of d and 36?
36
Let k = 1481 - 1327. Suppose 127 = -3*o + k. Let r be (-2)/(-8) + (-683)/(-4). What is the highest common factor of o and r?
9
Suppose u + 0*x - 4*x - 84 = 0, 3*x + 3 = 0. Suppose -49199 = -243*b - 599. What is the highest common divisor of b and u?
40
Suppose -5*x = 0, 4*h - 1162 = 2*x + 22. Calculate the highest common divisor of 333 and h.
37
Let r = 75 + 30. What is the greatest common factor of r and 675?
15
Suppose 3*f - 296 - 376 = 0. Suppose 3*r + 0*r = 4*z + 168, 4*r - 3*z - f = 0. Suppose -5*b + 448 = 28. Calculate the greatest common divisor of r and b.
28
Let w(c) = -2343*c - 3851. Let z be w(-5). Calculate the greatest common factor of 8 and z.
8
Let a(p) = p**2 - 7. Let h be a(-3). Let o(v) = v**h + 3*v + 34 - 20 - 15 + 5*v**2. Let i be o(5). Calculate the greatest common factor of 41 and i.
41
Suppose -20*d - 1702 = -13142. Calculate the greatest common divisor of 312 and d.
52
Suppose 0 = x - 5*s - 1906, 5*x - 2884*s + 2889*s = 9560. Calculate the greatest common divisor of x and 294.
147
Suppose -30987 = -3744*g + 3735*g. What is the highest common factor of g and 11?
11
Suppose -4*w - 20500 = -3*b, -13659 = -2*b - 14*w + 9*w. Let q be 2/5 + b/20. What is the highest common factor of q and 18?
18
Let v = -236 + 242. Let m(x) be the second derivative of -x**4/12 + 7*x**3/6 + 3*x**2 + 4*x. Let o be m(v). What is the greatest common factor of o and 30?
6
Suppose 10*u - 485 + 321 = 1786. What is the greatest common factor of u and 455?
65
Let b be (5 - 2)/(6/150). Let n = b + -72. Let i(a) = 6*a**2 + 7*a - 11. Let o be i(n). What is the greatest common factor of o and 8?
8
Let k(f) = -47 - f + 13 + 9*f - 20. Let l be k(11). Let m = -60 - -179. Calculate the greatest common factor of m and l.
17
Let t = -180 + 160. Let y = -18 - t. What is the highest common factor of y and 18?
2
Suppose -5*u - 40 = 5*o, -7 = 5*o - 2*u + 12. Let z be (-20)/(5 - (-30)/o). Calculate the highest common divisor of 500 and z.
20
Let d = 26711 - 9623. Calculate the highest common factor of 267 and d.
267
Let d = 10286 + -10279. What is the greatest common divisor of 9233 and d?
7
Suppose 2*h = -3*p - 0*p + 2040, -3*p - h = -2049. Calculate the greatest common divisor of 147 and p.
49
Suppose 6*o - 2*g - 24 = o, 2*o = -2*g + 18. Suppose 12*l - 13*l + o = 0. Suppose 0 = 101*x - 104*x + 18. Calculate the highest common factor of x and l.
6
Let b be (527 + -144)*(5 + 1). Calculate the highest common factor of b and 6.
6
Let k be (2 - (-14224)/49)/(-1 + 40/35). What is the greatest common factor of k and 462?
66
Let j = -77 - -140. Let k be 60/12 - 4*8. Let g = j - k. What is the greatest common factor of 36 and g?
18
Suppose 106 + 188 = 6*c. Suppose 58*a - 414 = c*a. Calculate the highest common factor of 207 and a.
23
Let u = 116 - 114. Suppose 4*p - 1034 = 21*t - 23*t, u*t + 793 = 3*p. Calculate the greatest common factor of p and 29.
29
Let x(a) = 39*a + 65. Let i be x(6). Let w = -185 - -208. What is the greatest common factor of i and w?
23
Let f = 2457 + -2386. What is the greatest common divisor of 355 and f?
71
Suppose 97 = 5*o - 3. Suppose -10*m = -6*m - o. Suppose -j = -m*i + 9, 2*j - 10 = i - 5*i. Calculate the greatest common factor of 3 and i.
1
Let p = -457 + 676. Let b = p - 195. Calculate the greatest common divisor of 96 and b.
24
Suppose 23600 = 5*r + 11*r. Suppose -70 = 1470*c - r*c. Let a be 0 - (-3)/(6/56). Calculate the highest common divisor of c and a.
14
Let k = -18 - -42. Let d = -19 + k. Suppose 30 = -f + d*a + 115, 4*a = 12. What is the highest common factor of 40 and f?
20
Suppose -562 - 38 = -d + 4*t, 2*d - 1254 = -t. What is the greatest common factor of d and 136?
8
Let a(c) = -299*c - 5758. Let i be a(-90). What is the greatest common divisor of 64 and i?
32
Let r = 56 - 50. Let p(n) = 11*n - 18 - 4*n + 36*n - 12*n. Let i be p(r). Calculate the highest common factor of i and 12.
12
Let u = 329 - 180. Suppose c + 8*p - 12*p = 4, -3*c + 4*p + 12 = 0. Suppose -c*z + o = -u, 6*z - 2*o = z + 190. What is the highest common factor of z and 18?
18
Let w = 76112 - 76077. Let l = 310 - 170. What is the greatest common factor of l and w?
35
Let p be -1230*((-8)/15)/(20/120). Suppose -12*i + 20*i = p. Calculate the highest common factor of i and 41.
41
Suppose -204*q - 23078 = -212*q + 8786. What is the highest common divisor of q and 7?
7
Let b be 2/((-1)/5*-2). Suppose 0 = 38*g - 39*g + 5. Suppose 2*z - b*a = 20 + 23, -5*z = g*a - 125. Calculate the greatest common divisor of z and 264.
24
Suppose 3 = -6*z + 5*z, -3*a + 4*z +